11 + 18. Let t(l) = -l**3 + 6*l**2 + 6*l + 9. What is t(h)?
2
Let k(w) = w**3 - 5*w**2 + 4*w - 1. Let g = 0 - -2. Let y = 7 + -2. Let h = y - g. Determine k(h).
-7
Let a(n) = -n + 125 + 0*n - 126 + 0*n. What is a(4)?
-5
Let b(s) = s**3 + 3*s**2. Let i be b(-2). Let v = -9 + i. Let h = 11 + v. Let t(j) = -j**2 + 6*j - 2. What is t(h)?
-2
Let l(d) = -d**3 - 3*d**2 + 4*d - 5. Let c(m) = 4 - m + 2 + 5. Let s be c(9). Suppose -2*q - 2*x = -s, -3*q - 2*x + 0*x = 2. Give l(q).
-5
Let s(f) = f**2 - 8*f + 7. Let b = -17 + 53. Let o be b/(-27) + (-22)/(-3). Give s(o).
-5
Let h(p) be the second derivative of -p**3/6 + 9*p**2/2 + 27*p. Let z = 0 + 0. Calculate h(z).
9
Suppose r = 9*r - 16. Let i(g) = 4*g**2 - 2*g - 1. What is i(r)?
11
Suppose 10 = 2*k - 6. Let t(a) = k*a - 2*a + 5 + 2*a**3 - 4*a**2 - 3*a**3. Let s = -52 - -47. What is t(s)?
0
Let r(h) be the first derivative of -h - 1 + 9/2*h**2. Let q be (12 - 13)/(1/(-1)). Determine r(q).
8
Let f(h) = h**2 - 2*h**2 - 2*h**2. Let n be (-51)/12 - 1/(-4). Let o(a) = a + 3. Let q be o(n). Calculate f(q).
-3
Suppose -7 = -4*n - 19. Let w be -6*n/12*2. Let g(h) = -2*h + 2. Give g(w).
-4
Let f(b) be the first derivative of b**4/4 + 2*b**3/3 + b**2/2 - 2*b - 8. What is f(-3)?
-14
Let x(u) = 2*u + 2. Let w be x(-3). Let y(h) = -h**2 + 1 + 2*h**2 - 2*h - 2*h**2 + 0*h. Calculate y(w).
-7
Suppose 0 = 4*n + 4*d - 24, 5*n + 12 = n + 5*d. Let q = n + 0. Let u(v) = 11*v + 5. Let h(z) = 32*z + 14. Let c(a) = -6*h(a) + 17*u(a). Give c(q).
-9
Let v(r) = -r**2 - r - 1. Let o(a) = a - 7. Let l be o(9). Let f = -2 + l. Give v(f).
-1
Let l(x) be the third derivative of -x**4/24 + 7*x**3/3 - x**2. Let q be l(6). Suppose 6*m = 2*m - q. Let t(g) = 2*g**2 + 2*g + 1. Determine t(m).
5
Suppose 0 = 4*b + 4, b - 13 = -2*t - 4*b. Let p(o) = o**2 - 7*o - 11. Determine p(t).
7
Suppose 41 = -7*r - 15. Let s(o) = -o**2 - 4*o + 6. Calculate s(r).
-26
Let q(x) = x - x**2 + 2*x**3 + 2*x**3 + 1 + 0. Give q(-1).
-5
Let r(a) = 3*a - 5 - 4*a - 4*a + 4*a. Let n be r(0). Let d(o) = -4*o - 19. Let q(h) = -2*h - 9. Let t(i) = 2*d(i) - 5*q(i). Calculate t(n).
-3
Let d(x) = x**2 - 6*x + 2. Let l be (4 - (-4 + 6)) + 3. What is d(l)?
-3
Let d(s) = 7*s**3 + 1 + 4*s - 6*s**3 + 3 - 6*s**2. Determine d(5).
-1
Suppose -6 = -0*i - 3*i. Let f(h) be the third derivative of -h**5/20 + h**4/6 - h**3/3 - 6*h**2. What is f(i)?
-6
Let n(f) be the first derivative of -f**2/2 - 2*f - 14. What is n(5)?
-7
Let z be (8/20)/(1/15). Let o(j) = j**2 - j. Let n(v) = 2*v**2 - 6*v. Let c(t) = n(t) - o(t). Determine c(z).
6
Let d(p) = -p**2 - 1. Let h(r) = r - 3. Let i(g) = -2*d(g) + h(g). Suppose -3*j - 5*l = 11, -7*j = -3*j + l + 9. What is i(j)?
5
Let t(d) = 2*d + 2. Let p be t(-2). Let b(v) = -v**2 - v - 1. Determine b(p).
-3
Let q(a) = 5*a - 5 - a**2 - 11 - 2 + 13. Calculate q(5).
-5
Suppose -4 = -0*c - 2*c. Let i(m) = -m**3 + 4*m**2 - 3*m + 2. Calculate i(c).
4
Let k(w) be the second derivative of w**3/6 - 2*w**2 + 8*w. Calculate k(10).
6
Let h(m) be the third derivative of -m**9/60480 - m**8/4032 - m**7/5040 + m**6/180 + m**5/15 + 5*m**2. Let l(u) be the third derivative of h(u). Give l(-3).
-11
Let w be (1*3/3)/(9 + -10). Let u(g) = -5*g**2 + g + 1. Give u(w).
-5
Let w(l) be the third derivative of -l**5/60 - l**4/3 - 4*l**3/3 - 3*l**2 + 2. What is w(-7)?
-1
Let g(z) = -4*z**3 - 2*z**2 - 2*z - 4. Let j(h) = 0*h**2 + 4*h**3 - 3*h**3 + 1 - h**2. Let k(p) = g(p) + 3*j(p). What is k(-4)?
-9
Let f(i) = -5*i + 7. Let z(y) = -12 + 14*y + 6 - 14. Let w(x) = -17*f(x) - 6*z(x). Determine w(-3).
-2
Let d(i) = 5*i**2 + 4*i**3 + 3 - 2 - 3*i**3 - 13*i**2. Let z be d(8). Let g(b) = -6*b**2 - b + 1. Determine g(z).
-6
Let h be (-6)/9 + (-8)/(-12). Suppose 2*l - 24 = z, h*l + 61 = 5*l - 3*z. Suppose 4*s + 5 = -l. Let d(b) = -b**2 - 6*b - 3. Determine d(s).
5
Suppose 0 = 4*m - 4*s - 16, 2*m = -s + 4*s + 6. Suppose 0 = -3*t - 2*t. Let d(q) = -q**2 - 4 - 3 + t - 1 + 8*q. What is d(m)?
4
Let x = 64 + -44. Suppose -3*a = 2*a - x. Let t(d) = d**2 - 4*d. Give t(a).
0
Let a = 0 + -3. Let r be (2/6)/(a/(-18)). Let i(v) = 2 - 5*v + 3*v + 5 - r. Determine i(4).
-3
Let q(f) = 2 - 4*f**2 - 1 - 3*f**2 + 2*f**2. What is q(-1)?
-4
Suppose -2 = 2*c - 8. Let t(i) = -5*i + 1. Determine t(c).
-14
Let q(x) = x**3 - 5*x**2 - 4*x - 2. Let j(y) = -4*y - 10. Let w be j(-4). What is q(w)?
10
Let p = -2 - -2. Suppose p*r = -3*r + 6. Let d(j) = -5*j + 3*j + 1 + j**2 + 0. Calculate d(r).
1
Let i(w) be the first derivative of w**5/30 + w**4/24 + 5*w**2/2 + 5. Let o(l) be the second derivative of i(l). Suppose -1 + 6 = 5*b. Calculate o(b).
3
Let h be 6/(24/15 - 2). Let y = -18 - h. Let o(d) = 3*d - 2. Give o(y).
-11
Let b(u) = -13*u + 16*u - 3*u**2 + 2*u**2. Determine b(4).
-4
Let m(k) = k + 4. Let i = 15 + -20. Let a be m(i). Let z(t) = 12*t - 4. Let g(c) = -11*c + 3. Let f(w) = 4*g(w) + 3*z(w). Calculate f(a).
8
Let y(x) = -8*x**2 + 12*x + 11. Let g(w) = -3*w**2 + 4*w + 4. Let i(m) = 11*g(m) - 4*y(m). Give i(-3).
3
Suppose 0*o + o = 5*h + 4, 0 = -5*h. Let d(v) = -7*v**2 + v. Let i(n) = -6*n**2 + 2*n. Let s(x) = 4*d(x) - 5*i(x). Give s(o).
8
Let f(o) = 3 - o**2 + 6*o - 7 + 5 + 4. Calculate f(7).
-2
Let s(m) be the first derivative of 1/2*m**2 - 2*m - 1 + 1/20*m**5 + 1/6*m**3 + 1/3*m**4. Let l(g) be the first derivative of s(g). Calculate l(-4).
-3
Let i(h) be the first derivative of -h**3/3 + 3*h**2 - 5*h - 6. Calculate i(4).
3
Let y(l) = -4*l**3 - l**2 + l. Let n(u) = u**3 - 3*u**2 - 5*u + 5. Let g = -8 + 24. Suppose m = -3*m + g. Let o be n(m). Determine y(o).
-4
Let x(d) = 4*d**3 + 2*d - 1. Let h = 0 + -10. Let m = 11 + h. Calculate x(m).
5
Let h(s) = s**3 - 4*s**2 - 6*s + 7. Let v be (2/2)/((-9)/(-135)). Suppose -4*c = -c - v. Give h(c).
2
Let h be 2/8 - (-55)/20. Let u(m) = 3*m - 2*m - 3 + 2*m + 1. What is u(h)?
7
Let w(b) be the third derivative of 7*b**6/120 - b**5/30 + b**3/6 - 9*b**2. Determine w(-1).
-8
Let h(c) = -c. Let s be h(-4). Let d be 1/2 + (-9)/6. Let r(a) = 5*a**2 - 11*a + 1. Let j(v) = v**2 - v - 1. Let x(g) = d*r(g) + 4*j(g). What is x(s)?
7
Let n(m) = -m**2 + 2*m - 4. Let s(p) = -2*p**2 + 2*p - 5. Let h(z) = -4*n(z) + 3*s(z). Let c(o) = -2*o + 1. Let f be c(-1). Suppose 2*u = 5*u - f. Give h(u).
-3
Let c(y) = -2*y**3 - 9. Let m(u) = u**3 + 4. Let g be 15/(-10)*2/1. Let n(r) = g*c(r) - 7*m(r). What is n(0)?
-1
Suppose 0 = -j + 4. Suppose z + j = 6. Let q(a) = 3*a**2 - 3*a - 1 + 5*a - 5*a**2 + 3*a**z. What is q(-2)?
-1
Let v = -69 + 415/6. Let r(h) be the second derivative of v*h**3 - 3/2*h**2 + 0 - 3*h. Give r(3).
0
Let t(y) = -26*y**3 - 19*y**3 - 2*y + 44*y**3 + 3 + 2*y**2. Let l = -5 - -7. What is t(l)?
-1
Let a(k) = k**2 - 4*k + 5. Let w(d) = d**2 + 5*d + 4. Let n be w(-5). Determine a(n).
5
Suppose 3*p + 2*p = 0. Let b(i) = -i**2 + 2. Let y(h) = -1. Let m(j) = -b(j) + 3*y(j). Determine m(p).
-5
Let h(k) = -4*k**3 - k**2 + k - 2. Let n be -5 + 0 + (-60)/(-20). What is h(n)?
24
Let x(f) = -3*f**2 + 1. Suppose m + 2*m = 0. Suppose m = 2*b - 2. Suppose l = -0*l - b. Determine x(l).
-2
Let j(x) = -x**3 - 2*x**2 - x + 1. Let v(f) = -f**2 - 8*f - 2. Let g be v(-6). Suppose 5*p + g = 2*d, -2*p - 2*d = -6*p - 8. Let q = 0 + p. What is j(q)?
3
Suppose -1 = -4*v + 3. Let n be v - (-1*3 + 1). Let l(m) = 2*m + 3 - 7 + 2*m. Determine l(n).
8
Suppose -n - 9 = 2*n, -5*n = 3*g + 15. Let w(x) be the first derivative of -x**4/4 + x**3/3 - x**2/2 - 5*x - 1. Determine w(g).
-5
Let x(f) = -f. Let g(r) = -3*r - 4. Let w(u) = g(u) - 4*x(u). Let a be (-1*4)/(-4 + (9 - 4)). Determine w(a).
-8
Let i(g) = -12*g**2 - 4*g - 3. Let p(a) = a**2 + a + 1. Let s(h) = -i(h) - 4*p(h). Let j = -2 + 0. Let n be j/2 + (3 - 3). Determine s(n).
7
Let t(b) be the second derivative of 1/3*b**3 + 2*b**2 - 2*b + 0. Determine t(-3).
-2
Suppose -2*p + 4 + 8 = 0. Let k(m) = -m**3 + 6*m**2 - m - 2. Give k(p).
-8
Let y(u) = -4*u**2 + 1 + 5*u**2 + 6*u + u**2. Let g = -3 + -1. What is y(g)?
9
Let h(t) = -7*t**2 - t + 6. Let m(z) = -20*z**2 - 3*z + 17. Let a(u) = -17*h(u) + 6*m(u). Let p(x) = -3*x - 1. Let w be p(-1). Determine a(w).
-6
Let t(g) be the first derivative of -g + 3 - g**2 + 1/3*g**3. Calculate t(3).
2
Suppose -5*c = -4*m + 2*m + 27, 0 = -4*m + c + 9. Let j be (m/2)/(1/(-2)). Let q be j + 0/(1 + -2). Let z(u) = -12*u**2 - u. 